when 732886 is divided by 15932?
14
Calculate the remainder when 727799 is divided by 621.
608
Calculate the remainder when 242921 is divided by 259.
238
Calculate the remainder when 17279425 is divided by 4645.
25
What is the remainder when 31246 is divided by 950?
846
Calculate the remainder when 2422977 is divided by 15.
12
Calculate the remainder when 1134677 is divided by 33366.
233
Calculate the remainder when 6612213 is divided by 101726.
23
Calculate the remainder when 830022 is divided by 397.
292
Calculate the remainder when 231299 is divided by 4537.
4449
What is the remainder when 84520119 is divided by 1047?
1044
Calculate the remainder when 32537192 is divided by 485.
482
What is the remainder when 2870865 is divided by 358817?
329
What is the remainder when 338349 is divided by 425?
49
Calculate the remainder when 11736151 is divided by 555.
121
What is the remainder when 4723031 is divided by 14899?
48
What is the remainder when 10379018 is divided by 3459668?
14
Calculate the remainder when 2707523 is divided by 210.
203
Calculate the remainder when 116226 is divided by 279.
162
Calculate the remainder when 105096150 is divided by 35032040.
30
Calculate the remainder when 9149089 is divided by 425.
114
Calculate the remainder when 15860331 is divided by 1797.
9
What is the remainder when 58044 is divided by 2313?
219
What is the remainder when 2906134 is divided by 302?
290
Calculate the remainder when 1192998 is divided by 1632.
6
Calculate the remainder when 3175761 is divided by 58.
29
Calculate the remainder when 7792346 is divided by 708391.
45
Calculate the remainder when 39919 is divided by 7906.
389
What is the remainder when 2934842 is divided by 58696?
42
Calculate the remainder when 1162513 is divided by 52841.
11
What is the remainder when 553244673 is divided by 25?
23
What is the remainder when 621175007 is divided by 207058331?
14
Calculate the remainder when 106457 is divided by 85.
37
Calculate the remainder when 17441057 is divided by 153.
128
Calculate the remainder when 284481030 is divided by 94827010.
0
What is the remainder when 106554132 is divided by 26?
22
What is the remainder when 64647 is divided by 32217?
213
What is the remainder when 268488 is divided by 88639?
2571
What is the remainder when 214826 is divided by 53619?
350
What is the remainder when 226696 is divided by 624?
184
Calculate the remainder when 195812 is divided by 687.
17
What is the remainder when 80909625 is divided by 230?
225
What is the remainder when 45366 is divided by 45?
6
Calculate the remainder when 25336497 is divided by 19.
16
Calculate the remainder when 661515 is divided by 90.
15
What is the remainder when 3945336 is divided by 1486?
6
What is the remainder when 220383600 is divided by 627?
624
Calculate the remainder when 207517 is divided by 102.
49
What is the remainder when 8796380 is divided by 237740?
0
Calculate the remainder when 104593 is divided by 232.
193
Calculate the remainder when 35618981 is divided by 828348.
17
What is the remainder when 4861817 is divided by 405151?
5
Calculate the remainder when 246199 is divided by 20.
19
Calculate the remainder when 164490 is divided by 81867.
756
Calculate the remainder when 353292 is divided by 384.
12
What is the remainder when 1969633 is divided by 281285?
638
Calculate the remainder when 53675 is divided by 5357.
105
What is the remainder when 170350773 is divided by 13913?
1
Calculate the remainder when 32755582 is divided by 128.
126
What is the remainder when 2809907 is divided by 117?
35
Calculate the remainder when 336205 is divided by 1707.
1633
What is the remainder when 7331451 is divided by 25906?
53
What is the remainder when 253863 is divided by 2822?
2705
Calculate the remainder when 68259210 is divided by 72462.
6
Calculate the remainder when 2077529 is divided by 3308.
105
Calculate the remainder when 68089 is divided by 2009.
1792
Calculate the remainder when 3087709 is divided by 752.
749
Calculate the remainder when 3425349 is divided by 386.
371
Calculate the remainder when 670802 is divided by 11173.
422
Calculate the remainder when 479544 is divided by 2525.
2319
Calculate the remainder when 32884 is divided by 1317.
1276
What is the remainder when 1927513 is divided by 1827?
28
What is the remainder when 3572400 is divided by 553?
20
What is the remainder when 370500 is divided by 42?
18
What is the remainder when 1456422 is divided by 1456384?
38
Calculate the remainder when 5422575 is divided by 1513.
1496
What is the remainder when 1190112 is divided by 85008?
0
Calculate the remainder when 81190 is divided by 1443.
382
Calculate the remainder when 2107 is divided by 700.
7
What is the remainder when 5368339 is divided by 820?
619
What is the remainder when 242888 is divided by 15178?
40
What is the remainder when 14925882 is divided by 388?
298
Calculate the remainder when 89547 is divided by 1934.
583
Calculate the remainder when 482510896 is divided by 11.
10
What is the remainder when 46117312 is divided by 15372434?
10
Calculate the remainder when 1308222 is divided by 93443.
20
Calculate the remainder when 26499407 is divided by 19.
12
Calculate the remainder when 233523 is divided by 376.
27
Calculate the remainder when 57082353 is divided by 2140.
2133
What is the remainder when 62668 is divided by 20419?
1411
Calculate the remainder when 3739097 is divided by 4698.
4187
What is the remainder when 1324675017 is divided by 20?
17
Calculate the remainder when 788868 is divided by 8563.
1072
What is the remainder when 2731936 is divided by 341491?
8
Calculate the remainder when 71761 is divided by 23783.
412
What is the remainder when 43389 is divided by 48?
45
Calculate the remainder when 297377 is divided by 20819.
5911
What is the remainder when 75473886 is divided by 25157961?
3
Calculate the remainder when 541903 is divided by 395.
358
What is the remainder when 3247078 is divided by 2175?
1978
Calculate the remainder when 225129 is divided by 33.
3
What is the remainder when 13587018 is divided by 10?
8
Calculate the remainder when 741929 is divided by 2432.
169
Calculate the remainder when 482690436 is divided by 37.
17
What is the remainder when 76457645 is divided by 1161?
1151
What is the remainder when 82726 is divided by 6885?
106
What is the remainder when 13356012 is divided by 303545?
32
What is the remainder when 42270 is divided by 1541?
663
What is the remainder when 39485 is divided by 4778?
1261
What is the remainder when 253312 is divided by 1473?
1429
Calculate the remainder when 686149 is divided by 796.
793
What is the remainder when 51652410 is divided by 1101?
96
Calculate the remainder when 292883 is divided by 339.
326
Calculate the remainder when 55087534 is divided by 912.
910
Calculate the remainder when 43461 is divided by 12507.
5940
Calculate the remainder when 53595300 is divided by 59950.
0
Calculate the remainder when 395551 is divided by 2488.
2447
Calculate the remainder when 77414 is divided by 1580.
1574
Calculate the remainder when 1616023 is divided by 11068.
95
Calculate the remainder when 2218470 is divided by 7299.
6873
Calculate the remainder when 16600259 is divided by 15.
14
What is the remainder when 303787402 is divided by 12?
10
What is the remainder when 332623 is divided by 110864?
31
Calculate the remainder when 184209 is divided by 537.
18
Calculate the remainder when 61084187 is divided by 1071652.
23
Calculate the remainder when 11156018 is divided by 77.
27
What is the remainder when 5471491 is divided by 229?
223
What is the remainder when 9575 is divided by 531?
17
What is the remainder when 58365634 is divided by 20?
14
What is the remainder when 357779928 is divided by 67?
62
What is the remainder when 11197137 is divided by 818?
353
What is the remainder when 11615930 is divided by 11615909?
21
Calculate the remainder when 1768110 is divided by 43.
36
What is the remainder when 10813726 is divided by 5406863?
0
Calculate the remainder when 33849805 is divided by 5561.
5559
What is the remainder when 236344158 is divided by 1480?
1478
Calculate the remainder when 631251 is divided by 109.
32
Calculate the remainder when 235177135 is divided by 39196187.
13
Wha